= r + x. Calculate the remainder when r is divided by 4.
1
Suppose 5 = -3*b + 2. Let u = 46 - 32. Calculate the remainder when (b + 0)/((-1)/26) is divided by u.
12
Let v(h) = -4*h**3 - h**2 - 2*h + 7. Let o(n) = n**3 - n**2 - n. Let k(r) = 5*o(r) + v(r). What is the remainder when k(7) is divided by 4?
3
Let b = 35 - 24. What is the remainder when 31 + 3 + (0 - 3) is divided by b?
9
Let r = -57 - -70. Calculate the remainder when 31 is divided by r.
5
Let t = 40 - 27. Let y(z) = -37*z - 25. Calculate the remainder when y(-2) is divided by t.
10
Let r = 10 - -11. What is the remainder when -2 + 2 - 405/(-5) is divided by r?
18
Let d(o) = o. Let t(m) = 10*m - 4. Let u be t(5). Suppose 2*r = 5*p - 194, 6*r - 4*r - u = -p. Calculate the remainder when p is divided by d(14).
12
Suppose 0 = -d + 9*d - 840. Calculate the remainder when d is divided by 18.
15
Let v be (-2)/(-6) - 260/6. Let g = v - -75. Let k(r) = r**2 + 5*r + 5. Calculate the remainder when g is divided by k(-6).
10
Suppose 3*i + 162 = 6*h - h, 3*h - 3*i = 96. Calculate the remainder when 126 is divided by h.
27
Let w(p) = -2*p - 3. Let m = -11 - -7. Let n be w(m). Suppose -2*y - 27 = -n*y. What is the remainder when y is divided by 5?
4
Suppose 6*k + 340 = 11*k. What is the remainder when k is divided by 36?
32
Suppose -3*r - 2*q = -49, r = -0*r - 4*q + 13. Calculate the remainder when 48 is divided by r.
14
Let r = 11 + -7. Let m(i) = -4*i. Let j be m(r). What is the remainder when 17 is divided by j/6*18/(-8)?
5
Suppose -3*h + 5 + 2 = -l, 0 = -h + 3*l - 11. Suppose -2*b - b + 66 = 3*c, h*c - 34 = -2*b. Let i = -27 + 41. Calculate the remainder when b is divided by i.
13
Suppose -3*w + 17 = -2*w - 3*y, -4*w - y = -94. Calculate the remainder when w is divided by 13.
10
Suppose -36 = -3*h - m, 5*h + 0*m - 3*m = 74. Let x be 1/((-3)/(-3) + -2). What is the remainder when h is divided by 1 - (-7 - (0 + x))?
6
Let y = 55 - 44. Calculate the remainder when 32 is divided by y.
10
Let x be (1 - 2) + 8 - 0. Suppose 0 = -4*k - x + 19. Suppose 2*q - 18 = -y, q + q - 5*y - 6 = 0. Calculate the remainder when q is divided by k.
2
Let g(i) = i**2 - 3*i - 7. What is the remainder when 3 is divided by g(5)?
0
What is the remainder when 21 - (2 + (-2)/1) is divided by (-2)/(-6) + 51/9?
3
Let f be 6/(-18)*(-3 + 0). Suppose -o = -k - 2*k + 15, 2*k + f = -3*o. Suppose -3*u + 2*s + k = u, 3*u + s = 13. Calculate the remainder when 7 is divided by u.
1
Let g(d) = 2*d - 7. Let u be g(5). Let h = 15 - 11. Calculate the remainder when (-15)/(u*2/(-4)) is divided by h.
2
Let w(o) = 2*o**2 + 4*o + 1. Suppose 5*y = 4*g - 24, -y + 0*y - 2*g = 2. Let q(r) = r**3 - r**2 + 2*r + 1. Calculate the remainder when w(y) is divided by q(2).
8
Let p(m) = -m**2 - 17*m + 12. Let x be p(-14). Suppose -3*d + x = -2*a, 0 = 3*d + 5*a - 18 - 36. What is the remainder when 32 is divided by d?
14
Suppose 10*t = 299 - 99. What is the remainder when t is divided by 12?
8
Let w = 4 + 2. Let z(t) = 9*t + 1 + 0*t + w*t. What is the remainder when 31 is divided by z(1)?
15
Let n = -17 + 57. Suppose -n = -4*y + 2*o, -35 = -3*y + o - 5. Calculate the remainder when 39 is divided by y.
9
Let u(m) = m**2 + 5*m + 1. Let z be u(-5). Suppose w = 5*w. Let d = z - w. Calculate the remainder when 1 is divided by d.
0
Suppose 2*q = 6*q - 40. Suppose l + 15 = 2*b, b = l - 2 + 12. Let z = q - b. What is the remainder when z is divided by 2?
1
Let o be ((-4)/(-10))/((-3)/(-15)). Suppose 2*u - 5*y - 8 = 0, u - 5 = o*y - 1. Calculate the remainder when 25 is divided by u.
1
Suppose n = 3*r - 2*r - 14, 70 = 3*r + 4*n. Let l = 93 + -42. What is the remainder when l is divided by r?
15
Suppose h = -3*y + 6*y - 40, 4*h - 65 = -3*y. What is the remainder when 55 is divided by y?
10
Suppose 5*u - 240 = -35. Suppose -5*x + 55 = -0*x. What is the remainder when u is divided by x?
8
Suppose -5*c - 28 = -x, 2*x - x + 2 = -c. Let s be (20/6)/(2/x). Suppose -s*o + 86 = 21. What is the remainder when 25 is divided by o?
12
Suppose -2*b + 7*b - 80 = -5*i, 0 = -2*i + 5*b + 67. Let d(q) = 13*q - 3. Let n be ((-20)/6)/((-2)/3). What is the remainder when d(n) is divided by i?
20
Let s = -12 - -38. Suppose -6 = -5*b - 0*b + 2*w, 4*b - 6 = w. Suppose 0 = 2*q + b*q - 12, -3*z + 27 = -5*q. What is the remainder when s is divided by z?
12
Calculate the remainder when ((-2)/(-10)*16)/((-27)/(-270)) is divided by 12.
8
Let f(l) = -l**3 + 2. Let v be f(0). Let s(k) = 5*k - 3. Let h be s(3). Suppose 0 = v*c - h - 14. Calculate the remainder when 38 is divided by c.
12
Let y(u) = u**3 + 13*u**2 + u + 15. Let c be y(-13). Suppose c*z = 17 + 13. What is the remainder when 44 is divided by z?
14
Let b(i) = -3*i + 23. Calculate the remainder when b(0) is divided by 12.
11
Suppose z + 3 = 6. Suppose -w + z*u = w + 36, 0 = 4*w + u + 44. Let y = 29 - w. Calculate the remainder when y is divided by 11.
8
Suppose 5*z - 30 = 3*z. Calculate the remainder when 28 is divided by z.
13
Let t be (10/(-5))/(6/(-15)). Suppose 0 = -t*a - 2*v + 46, a + 3*a = -2*v + 36. Let d(w) = w**3 + w**2 + 28. What is the remainder when d(0) is divided by a?
8
Suppose -5*r + 33 = -8*r. What is the remainder when (-23)/(-4) - r/44 is divided by 3?
0
Suppose -66 = -4*z - 3*i, 0 = -4*z - 5*i + 61 + 9. What is the remainder when 22 is divided by (-6)/(-7)*(z - 8)?
4
Suppose -4*j - 3*b = -5*j + 116, 204 = 2*j + b. Calculate the remainder when j is divided by 35.
34
Let i = 5 - 5. Suppose 3*x - 3*f - 54 = i, x + 3*x - 66 = f. Suppose 4*k - 242 + 58 = 0. Calculate the remainder when k is divided by x.
14
Let p be 25 + -1 + -2 + 2. Suppose 0 = 5*u - 0*h + 3*h - p, 3*u = 2*h + 3. Suppose -c + u = -4. What is the remainder when 20 is divided by c?
6
Suppose -4*m - 3*d = -49, 2*d - 43 = -4*m + d. Calculate the remainder when 19 is divided by m.
9
What is the remainder when 38 is divided by 46/4 + (-6)/4?
8
Calculate the remainder when 83 is divided by -14*8/(32/(-6)).
20
Suppose 4*s - 2*b - 76 - 58 = 0, -5*b - 5 = 0. Calculate the remainder when 97 is divided by s.
31
Let s = 0 - -7. Calculate the remainder when 13 is divided by s.
6
Suppose 20 = 4*i + 4*m, 0*i + 2*i = -4*m + 10. Let v(w) = 3*w - 2. Let z be v(2). Suppose z*f - f = 39. Calculate the remainder when f is divided by i.
3
Let t(l) = -l**2 - 5*l. Let v be (-1)/((-2)/(-2)) - 3. What is the remainder when 11 is divided by t(v)?
3
Let k = 110 + -105. What is the remainder when 5 is divided by k?
0
Let g be (-1)/((3/(-8))/(-3)). Let x(b) = -2*b - 11. Suppose -4*d = -40 + 8. Calculate the remainder when d is divided by x(g).
3
Suppose 4*j + 4*p - 36 = 0, 0 = -3*j + j + p + 30. Suppose -q + j = n + 3*n, -4*n - 2*q = -18. Calculate the remainder when 6 is divided by n.
0
Suppose -2 - 34 = -3*o. Let n = -7 + o. Suppose 0 = -4*i + 39 + n. Calculate the remainder when 21 is divided by i.
10
What is the remainder when (-2 - -3)*(24 + 3) is divided by 6?
3
Let u = -6 - -35. Calculate the remainder when 79 is divided by u.
21
Calculate the remainder when 57 is divided by (-14 + -1)*(-8)/8.
12
Let b(i) = 4*i**2 + i - 3. Let l(p) = 5*p**2 + 2*p - 3. Let y(r) = 6*b(r) - 5*l(r). Let c be y(-2). What is the remainder when 34 is divided by 9*(1 - (0 - c))?
16
Let a(n) = 5*n - 3. Let b be -5*(-1)/((-5)/(-4)). Let c = b - 2. What is the remainder when a(c) is divided by 4?
3
Let d = 6 + -4. Let k = 4 - d. Suppose -k*p + 4*p = 58. What is the remainder when p is divided by 10?
9
Suppose -58 = k - 197. Calculate the remainder when k is divided by 20.
19
Let g(x) = -x**3 + x**2 - x + 61. Suppose -u = -0*u - a - 22, 3*u - 61 = -2*a. Calculate the remainder when g(0) is divided by u.
19
Suppose 5 = j - c, 2*c = -6*j + 4*j - 2. Let s(d) = 19*d. Calculate the remainder when s(j) is divided by 13.
12
Suppose -p = 2*p - 12. What is the remainder when 13 is divided by p?
1
Let c be (-3)/((-9)/6)*7. What is the remainder when 57 is divided by (-7)/(c/(-4)) - -13?
12
Suppose -4 = n - 14. Calculate the remainder when 62 + (-5)/(n/(-4)) is divided by 22.
20
Suppose -f + 10 + 16 = -5*k, -3*k = 4*f - 58. Suppose -2 = -5*u + 28. Calculate the remainder when f is divided by u.
4
Let h = 49 + -41. What is the remainder when 13 is divided by h?
5
Let h be 16/(-72) + 110/9. What is the remain